3
In base 15, what is -2 + 3479?
3477
In base 13, what is 0 - -ba10?
ba10
In base 3, what is -11 - 1000011010?
-1000011021
In base 11, what is 9883a + 2?
98841
In base 15, what is -abd7c + 4?
-abd78
In base 7, what is -356 + 15434?
15045
In base 4, what is -300221 - -130?
-300031
In base 15, what is 1a6991 + 3?
1a6994
In base 6, what is -41240 + 30?
-41210
In base 7, what is -5654 - 11332?
-20316
In base 3, what is -12210211 - 22022?
-20010010
In base 10, what is 2163 + 15?
2178
In base 6, what is 144 - -1102?
1250
In base 7, what is -510 - 14325?
-15135
In base 8, what is 276 - -6456?
6754
In base 3, what is 1201102 + -210?
1200122
In base 11, what is 12987 - 70?
12917
In base 7, what is -3063 + -12?
-3105
In base 14, what is 399 - 20?
379
In base 2, what is 100 - 10000001000011101011?
-10000001000011100111
In base 7, what is 2 - -21601?
21603
In base 7, what is 32 - 621?
-556
In base 2, what is -111011010 - 10111?
-111110001
In base 12, what is 68 + -544a?
-53a2
In base 14, what is -207343 - 5?
-207348
In base 12, what is -145 + -4a?
-193
In base 3, what is 100222 - -10011?
111010
In base 3, what is 1122011 + -101?
1121210
In base 10, what is -897289 + -4?
-897293
In base 16, what is af + -ecf?
-e20
In base 10, what is -6 - 6502?
-6508
In base 4, what is 3320 - -230?
10210
In base 15, what is 1e + 77?
96
In base 12, what is 3133 - a?
3125
In base 7, what is -244126 + 113?
-244013
In base 8, what is 51507 - 4?
51503
In base 2, what is 101101000010 - 0?
101101000010
In base 16, what is 1f - 540?
-521
In base 16, what is 3 - -3fc8f?
3fc92
In base 5, what is 131342 - -3?
131400
In base 4, what is 103 - -303311?
310020
In base 9, what is -441 + -815?
-1356
In base 8, what is -3 - 3411537?
-3411542
In base 9, what is -5804 + -575?
-6480
In base 11, what is -1 - -26599?
26598
In base 2, what is 101 - -10011101000110010?
10011101000110111
In base 15, what is 18e8e + -1?
18e8d
In base 16, what is -3 + -1cb93?
-1cb96
In base 13, what is -5a - -3772?
3715
In base 12, what is -3 + -405b5?
-405b8
In base 7, what is -20043 + 6?
-20034
In base 3, what is -11011011 + 1102?
-11002202
In base 5, what is -1004414 - -12?
-1004402
In base 7, what is -6 - 10256?
-10265
In base 5, what is 4 + -43410?
-43401
In base 15, what is 7ee + d?
80c
In base 15, what is 152 + -35?
11c
In base 13, what is 7 - 2b1c1?
-2b1b7
In base 5, what is 202300012 + -4?
202300003
In base 13, what is 3 - 13529?
-13526
In base 2, what is -11 + -1001010001?
-1001010100
In base 12, what is -10547 + -9?
-10554
In base 6, what is 41 + -120354?
-120313
In base 14, what is -3b5 - -201?
-1b4
In base 13, what is 1 + -620107?
-620106
In base 15, what is 0 - 88b?
-88b
In base 9, what is 2 - 2178352?
-2178350
In base 16, what is -4 + 89d9?
89d5
In base 16, what is 1a06e - -2?
1a070
In base 15, what is 67a - e?
66b
In base 11, what is 4 + 21355?
21359
In base 3, what is -1202010221 - 0?
-1202010221
In base 14, what is 2 + 2d82?
2d84
In base 2, what is 1 + -1000111000010000001?
-1000111000010000000
In base 7, what is 3 + -361151?
-361145
In base 6, what is 1 - 13402?
-13401
In base 7, what is -3112602 - 3?
-3112605
In base 14, what is -5 + 3407b?
34076
In base 16, what is 81 - -15e?
1df
In base 2, what is 1101 - 1111001101?
-1111000000
In base 2, what is -101011011 - 10011011011101?
-10100000111000
In base 15, what is 23593 - -9?
2359c
In base 2, what is -111000110101 + -100001?
-111001010110
In base 2, what is -10010 - 100010110101?
-100011000111
In base 4, what is -110020 + 200?
-103220
In base 16, what is 13b - 2d?
10e
In base 16, what is -1c + 211a?
20fe
In base 3, what is -1 + -2220100?
-2220101
In base 5, what is -1232311 - -42?
-1232214
In base 16, what is -15b + -b0?
-20b
In base 15, what is -b8 + c1?
8
In base 11, what is 4827 - 5?
4822
In base 15, what is -2e - cb5?
-ce4
In base 15, what is -1 + d4b?
d4a
In base 11, what is -167 + -8633?
-879a
In base 4, what is -1 + 10010320?
10010313
In base 16, what is -47e15 + -2?
-47e17
In base 2, what is 10110000010001001 + -11?
10110000010000110
In base 7, what is -61101 + 2?
-61066
In base 9, what is 3 - 226?
-223
In base 2, what is 1000110101100 - 11010?
1000110010010
In base 11, what is 587 + 86?
662
In base 16, what is -2f + -199?
-1c8
In base 12, what is -285 - -467?
1a2
In base 12, what is -4 + -6baaa?
-6bab2
In base 11, what is -1324 - 7?
-1330
In base 5, what is 1 - 331303?
-331302
In base 5, what is -33 - 111423021?
-111423104
In base 16, what is 6e7b + -c?
6e6f
In base 10, what is -17 - -26061?
26044
In base 11, what is 9548 + 27?
9574
In base 16, what is 4cc4 - 4c?
4c78
In base 14, what is -2 - c1242?
-c1244
In base 5, what is -1321 - 1033?
-2404
In base 8, what is 2 + 17337?
17341
In base 12, what is -223887 + a?
-223879
In base 9, what is -4 - -2821168?
2821164
In base 9, what is -222845 + 4?
-222841
In base 15, what is -b497 + -2?
-b499
In base 3, what is 122 + -10021102?
-10020210
In base 6, what is -1341555 - 3?
-1342002
In base 8, what is 356010 + -3?
356005
In base 16, what is 107 + -e0b?
-d04
In base 10, what is -7 + -293?
-300
In base 5, what is -3121 + -20?
-3141
In base 5, what is 0 + -4310?
-4310
In base 13, what is 34328 + -9?
3431c
In base 7, what is -1560051 + 13?
-1560035
In base 5, what is 1010222 + -103?
1010114
In base 2, what is 110000101111010000 - -110?
110000101111010110
In base 9, what is -72051 - 5?
-72056
In base 8, what is -5 - 3102331?
-3102336
In base 12, what is 220 + -a31?
-811
In base 8, what is 3 - 15045?
-15042
In base 8, what is -3006 - 6?
-3014
In base 5, what is 14 - -111341?
111410
In base 16, what is -135 + 52?
-e3
In base 7, what is 3 + 11655?
11661
In base 5, what is 32114041 + 2?
32114043
In base 15, what is 1cec4 - -5?
1cec9
In base 11, what is -9731 - 478?
-a0a9
In base 15, what is -11 + 10d8?
10c7
In base 5, what is -11343 - 143314?
-210212
In base 2, what is -11 + 11110110100110?
11110110100011
In base 6, what is -14315 + -1?
-14320
In base 13, what is -a + 15b84?
15b77
In base 16, what is -2c - 6b6?
-6e2
In base 6, what is -3242 + 14134?
10452
In base 10, what is 557 + -14?
543
In base 4, what is -13 - 1220330?
-1221003
In base 12, what is 29 + -1767b?
-17652
In base 13, what is 91a + -22?
8c8
In base 12, what is -117881 + b?
-117872
In base 11, what is 2899 - -156?
2a44
In base 12, what is 0 - -15a92?
15a92
In base 12, what is 2916a + 4?
29172
In base 6, what is 111342 + -35?
111303
In base 2, what is 111100010001111000 + -10?
111100010001110110
In base 2, what is 1010100110000 + 10011010?
1010111001010
In base 11, what is 16565 + 5?
1656a
In base 12, what is -5361 - 485?
-5826
In base 8, what is 405633 + -7?
405624
In base 12, what is -3590 - -52?
-353a
In base 4, what is 3022030330 + -1?
3022030323
In base 4, what is -2003 - 3110?
-11113
In base 9, what is 3 - 186142?
-186138
In base 8, what is 17162 + -2?
17160
In base 8, what is -1513 - -14?
-1477
In base 5, what is 3 + -4340131?
-4340123
In base 9, what is -120 - -2130?
2010
In base 12, what is -3a1 + -162?
-543
In base 4, what is -21120010 - -31?
-21113313
In base 11, what is -4 + -7a143?
-7a147
In base 10, what is -5 + -27977?
-27982
In base 10, what is -8 - -126978?
126970
In base 3, what is -1 - -222002201?
222002200
In base 14, what is 7 + -39a9?
-39a2
In base 11, what is 3 + 246160?
246163
In base 15, what is -2 - -4a1?
49e
In base 4, what is -3 - -202300032?
202300023
In base 5, what is -1 + 2340110?
2340104
In base 16, what is 3 - 221c?
-2219
In base 10, what is 32870 + 28?
32898
In base 5, what is 1 - 232233200?
-232233144
In base 2, what is -1000100101110011001101 + -1?
-1000100101110011001110
In base 11, what is -8 + -2382?
-238a
In base 11, what is -14 + 110?
a7
In base 6, what is 3 + -253332?
-253325
In base 9, what is -12033 - -10?
-12023
In base 3, what is 12 + -101021022?
-101021010
In base 2, what is -100001000 + -1110011000101?
-1110111001101
In base 11, what is 41 + 1408?
1449
In base 9, what is -230311 + -2?
-230313
In base 11, what is 50 + -629?
-589
In base 3, what is -101220210122 - 0?
-101220210122
In base 9, what is 52677 + -1?
52676
In base 2, what is 1000110101101 + -101?
1000110101000
In base 16, what is 113 + 1a?
12d
In base 10, what is -5840 + -1136?
-6976
In base 2, what is 1000010011011 - -111?
100001010